prime factors of 198.
2, 3, 11
What are the prime factors of 1595?
5, 11, 29
List the prime factors of 29919.
3, 9973
What are the prime factors of 3596?
2, 29, 31
What are the prime factors of 717?
3, 239
What are the prime factors of 9749?
9749
What are the prime factors of 1338?
2, 3, 223
What are the prime factors of 341?
11, 31
What are the prime factors of 5444?
2, 1361
What are the prime factors of 67359?
3, 22453
What are the prime factors of 58632?
2, 3, 7, 349
What are the prime factors of 4750?
2, 5, 19
What are the prime factors of 11621?
11621
List the prime factors of 5121.
3, 569
What are the prime factors of 11093?
11093
What are the prime factors of 1112?
2, 139
List the prime factors of 1448.
2, 181
List the prime factors of 47545.
5, 37, 257
List the prime factors of 2010.
2, 3, 5, 67
What are the prime factors of 1068?
2, 3, 89
What are the prime factors of 2001?
3, 23, 29
What are the prime factors of 78?
2, 3, 13
List the prime factors of 9212.
2, 7, 47
List the prime factors of 4211.
4211
List the prime factors of 570.
2, 3, 5, 19
What are the prime factors of 5347?
5347
List the prime factors of 882.
2, 3, 7
What are the prime factors of 9087?
3, 13, 233
List the prime factors of 8145.
3, 5, 181
List the prime factors of 1441.
11, 131
What are the prime factors of 627?
3, 11, 19
What are the prime factors of 1469?
13, 113
What are the prime factors of 17807?
17807
List the prime factors of 553.
7, 79
List the prime factors of 5696.
2, 89
List the prime factors of 5108.
2, 1277
List the prime factors of 12222.
2, 3, 7, 97
List the prime factors of 3775.
5, 151
List the prime factors of 2091.
3, 17, 41
List the prime factors of 37937.
59, 643
List the prime factors of 28422.
2, 3, 1579
List the prime factors of 757.
757
What are the prime factors of 37253?
37253
What are the prime factors of 90169?
37, 2437
List the prime factors of 69899.
69899
List the prime factors of 80157.
3, 7, 11, 347
What are the prime factors of 1508?
2, 13, 29
List the prime factors of 80.
2, 5
What are the prime factors of 3427?
23, 149
List the prime factors of 26904.
2, 3, 19, 59
List the prime factors of 7894.
2, 3947
List the prime factors of 45646.
2, 29, 787
What are the prime factors of 1187?
1187
What are the prime factors of 2480?
2, 5, 31
What are the prime factors of 1646?
2, 823
List the prime factors of 17423.
7, 19, 131
List the prime factors of 129305.
5, 11, 2351
What are the prime factors of 6893?
61, 113
List the prime factors of 146804.
2, 7, 107
What are the prime factors of 304?
2, 19
List the prime factors of 720.
2, 3, 5
List the prime factors of 18943.
19, 997
What are the prime factors of 1067?
11, 97
List the prime factors of 1603.
7, 229
What are the prime factors of 1610?
2, 5, 7, 23
What are the prime factors of 49526?
2, 24763
What are the prime factors of 26472?
2, 3, 1103
What are the prime factors of 6773?
13, 521
What are the prime factors of 26257?
7, 11, 31
What are the prime factors of 124?
2, 31
What are the prime factors of 86813?
86813
List the prime factors of 21869.
19, 1151
List the prime factors of 319.
11, 29
List the prime factors of 8251.
37, 223
List the prime factors of 544.
2, 17
What are the prime factors of 1082?
2, 541
What are the prime factors of 297?
3, 11
What are the prime factors of 2054?
2, 13, 79
What are the prime factors of 27830?
2, 5, 11, 23
List the prime factors of 1024.
2
What are the prime factors of 664?
2, 83
List the prime factors of 2305.
5, 461
List the prime factors of 1217.
1217
What are the prime factors of 310?
2, 5, 31
What are the prime factors of 21783?
3, 53, 137
List the prime factors of 3337.
47, 71
List the prime factors of 98679.
3, 7, 37, 127
What are the prime factors of 812?
2, 7, 29
What are the prime factors of 280?
2, 5, 7
List the prime factors of 2050.
2, 5, 41
What are the prime factors of 5465?
5, 1093
List the prime factors of 1775.
5, 71
What are the prime factors of 42343?
7, 23, 263
List the prime factors of 9382.
2, 4691
List the prime factors of 93768.
2, 3, 3907
What are the prime factors of 1272?
2, 3, 53
List the prime factors of 2957.
2957
List the prime factors of 4040.
2, 5, 101
List the prime factors of 39624.
2, 3, 13, 127
What are the prime factors of 3805?
5, 761
List the prime factors of 4750.
2, 5, 19
What are the prime factors of 125?
5
List the prime factors of 2116.
2, 23
What are the prime factors of 142390?
2, 5, 29, 491
List the prime factors of 1647.
3, 61
List the prime factors of 82285.
5, 7, 2351
What are the prime factors of 33932?
2, 17, 499
What are the prime factors of 1073?
29, 37
What are the prime factors of 18504?
2, 3, 257
List the prime factors of 1121.
19, 59
List the prime factors of 1613.
1613
What are the prime factors of 1184?
2, 37
What are the prime factors of 10517?
13, 809
What are the prime factors of 32587?
32587
What are the prime factors of 17666?
2, 11, 73
List the prime factors of 1988.
2, 7, 71
List the prime factors of 12672.
2, 3, 11
What are the prime factors of 10651?
10651
What are the prime factors of 818?
2, 409
List the prime factors of 36841.
7, 19, 277
List the prime factors of 748.
2, 11, 17
What are the prime factors of 51050?
2, 5, 1021
What are the prime factors of 20225?
5, 809
List the prime factors of 4121.
13, 317
What are the prime factors of 14660?
2, 5, 733
List the prime factors of 1127.
7, 23
What are the prime factors of 3424?
2, 107
List the prime factors of 6370.
2, 5, 7, 13
What are the prime factors of 120547?
7, 17, 1013
What are the prime factors of 5895?
3, 5, 131
What are the prime factors of 25?
5
What are the prime factors of 88760?
2, 5, 7, 317
List the prime factors of 3642.
2, 3, 607
What are the prime factors of 2070?
2, 3, 5, 23
What are the prime factors of 367?
367
List the prime factors of 7739.
71, 109
What are the prime factors of 618?
2, 3, 103
List the prime factors of 4242.
2, 3, 7, 101
What are the prime factors of 2264?
2, 283
What are the prime factors of 43583?
41, 1063
List the prime factors of 7944.
2, 3, 331
What are the prime factors of 119542?
2, 59771
What are the prime factors of 116250?
2, 3, 5, 31
List the prime factors of 2702.
2, 7, 193
What are the prime factors of 2980?
2, 5, 149
What are the prime factors of 155?
5, 31
List the prime factors of 4297.
4297
What are the prime factors of 43?
43
List the prime factors of 16534.
2, 7, 1181
List the prime factors of 1523.
1523
What are the prime factors of 1039?
1039
List the prime factors of 5954.
2, 13, 229
List the prime factors of 152633.
13, 59, 199
What are the prime factors of 16201?
17, 953
What are the prime factors of 2318?
2, 19, 61
What are the prime factors of 13705?
5, 2741
List the prime factors of 4058.
2, 2029
What are the prime factors of 6332?
2, 1583
List the prime factors of 1188.
2, 3, 11
List the prime factors of 18951.
3, 6317
What are the prime factors of 22878?
2, 3, 31, 41
List the prime factors of 5840.
2, 5, 73
List the prime factors of 421.
421
List the prime factors of 30302.
2, 109, 139
List the prime factors of 1654.
2, 827
What are the prime factors of 19411?
7, 47, 59
What are the prime factors of 31163?
11, 2833
What are the prime factors of 69892?
2, 101, 173
What are the prime factors of 30239?
11, 2749
What are the prime factors of 132666?
2, 3, 22111
List the prime factors of 781.
11, 71
What are the prime factors of 33435?
3, 5, 743
What are the prime factors of 39322?
2, 19661
What are the prime factors of 44907?
3, 14969
What are the prime factors of 668?
2, 167
List the prime factors of 21546.
2, 3, 7, 19
What are the prime factors of 60742?
2, 11, 251
List the prime factors of 29945.
5, 53, 113
List the prime factors of 20786.
2, 19, 547
What are the prime factors of 3232?
2, 101
List the prime factors of 2911.
41, 71
What are the prime factors of 38838?
2, 3, 6473
List the prime factors of 23681.
7, 17, 199
What are the prime factors of 36307?
36307
What are the prime factors of 12239?
12239
List the prime factors of 662.
2, 331
List the prime factors of 30833.
11, 2803
List the prime factors of 1993.
1993
What are the prime factors of 32170?
2, 5, 3217
List the prime factors of 11194.
2, 29, 193
What are the prime factors of 17206?
2, 7, 